*d + 50 = 6. Calculate the remainder when d is divided by 6.
5
Let x be ((-9)/(-1))/(15/(-110)). Let t = -41 - x. Let w(l) = l + 3. Calculate the remainder when t is divided by w(4).
4
Suppose 0 = -5*a - z - 221, 4*a + 2*z + 3*z + 160 = 0. Let q = a + 190. What is the remainder when q is divided by 37?
34
Let r = 20 + 9. Let p = r + -27. Suppose 5*k - k - 4 = 0. What is the remainder when p is divided by k?
0
Calculate the remainder when 383 is divided by (4 - 3)*(3 - 376/(-4)).
92
Suppose -3*j + 42 - 15 = 0. Suppose 0 = w - 1, -2*y + 50*w = 47*w - 85. What is the remainder when y is divided by j?
8
Let h = 97 + 18. What is the remainder when h is divided by 43?
29
Let q = -193 - -231. Calculate the remainder when q is divided by (-2 - -22)/(-3 + 4).
18
Let o(m) = 19*m - 72. What is the remainder when 21 is divided by o(4)?
1
Let l(d) = -d - 1. Let h be l(2). What is the remainder when 90 - (0 + h/1) is divided by 32?
29
Suppose -4*m + 144 = -0*f + 2*f, 6*f - 3*m = 447. Calculate the remainder when f is divided by 24.
2
Suppose -254 = -4*p - 5*f - 83, -64 = -p + 3*f. What is the remainder when 100 is divided by p?
2
Let r be 20/6 - (-2)/3. Suppose r*g = 2*g - 5*n + 154, 5*g - 419 = -4*n. Suppose 5*u - 8 = g. Calculate the remainder when u is divided by 10.
9
Let f = -1619 + 1735. What is the remainder when f is divided by 26?
12
Let y = 23 - -2. Suppose 0 = 3*b - y - 83. Calculate the remainder when b is divided by 19.
17
Suppose 278 = -4*c + 3*s + 1033, -3*s = 5*c - 964. Let r = c - 151. What is the remainder when 117 is divided by r?
37
Let q = 54 - 30. Let c = 308 - 163. Suppose 3*n + 0*t = 2*t + 137, c = 3*n + 2*t. Calculate the remainder when n is divided by q.
23
Suppose 0 = -112*o + 102*o + 2760. Calculate the remainder when 282 is divided by o.
6
What is the remainder when 321 is divided by 44/(52/(-13)*2/(-16))?
57
Suppose -17*a + 829 + 2775 = 0. What is the remainder when a is divided by 46?
28
Suppose 1 = 2*i - 9, 4*i = -k. What is the remainder when (-369)/(-15) + (-8)/k is divided by (13/4)/(12/48)?
12
Suppose 3*s = -4*a + 82 - 27, -a + 4*s = -28. Let g = 0 + 6. Calculate the remainder when g/6 - 23*-2 is divided by a.
15
Let s = 49 - 4. Let i = -43 - -22. Let w = 2 - i. What is the remainder when s is divided by w?
22
Let o(q) = 2*q + 2. Let r be o(0). Suppose 2*h - 361 = -3*f, r*f - h - 232 = 2*h. Calculate the remainder when f is divided by 30.
29
Suppose -j + 49 = 3*x, 0 = -4*j - x - 0*x + 152. Suppose -30*f + 152 = -11*f. Calculate the remainder when j is divided by f.
5
Suppose -5*v + 3*p + 2 = -0, 0 = 3*v - 5*p + 2. Let k = 23 - v. What is the remainder when 41 is divided by k?
19
Let c = 28 + -9. What is the remainder when (8 + -12 - -223)/3 is divided by c?
16
Suppose -3*j = -2*k - 4, 0*k + 2 = 4*j - 2*k. Let h be 208/12 + j/6. Let p = -13 + h. Calculate the remainder when 14 is divided by p.
2
Suppose o - 1681*z = -1678*z + 25, -z - 67 = -3*o. Suppose -123 = -3*r + 126. What is the remainder when r is divided by o?
17
Suppose -o = -5*a - 45, 3*o + 6*a - a - 55 = 0. Let p be (9/2)/(9 - 4641/520). Calculate the remainder when 31 is divided by (p/o)/((-6)/(-20)).
7
Suppose -4*q + 2140 = -3*o + 282, -3*o = -6. Calculate the remainder when q is divided by 52.
50
Suppose 8*a - 3*a - 115 = 0. Let j = -8 + 13. Calculate the remainder when a is divided by j.
3
Let g(s) = s + 5. What is the remainder when g(0) is divided by -3 - (-7 - (8 + -8))?
1
Let n = 88 - -101. Calculate the remainder when n is divided by 48.
45
Let o be (-3)/6*8*-1. Suppose 0 = 3*b - 15, o*n - 15 = 2*n - 3*b. Suppose 5*z - 13 - 62 = n. What is the remainder when z is divided by 9?
6
Let n(v) = -v - 10. Let m be n(-14). Suppose 0 = -5*b - 1 - m. Let y = b + 12. Calculate the remainder when y is divided by 6.
5
What is the remainder when -6 + -2 - (-647 + -5) is divided by 43?
42
Let k(f) = 3*f**2 - 11*f + 4. Let q = -341 + 360. Calculate the remainder when k(7) is divided by q.
17
Suppose 0 = 2*z - z - 20. Suppose -y + 18 = -z. What is the remainder when y is divided by 20?
18
Let f = 64 + -55. What is the remainder when 69 is divided by f?
6
Let o(s) = -s**2 - 10*s - 15. Let m(y) = -y**2 + 15*y - 20. Let r be m(14). Calculate the remainder when 17 is divided by o(r).
8
Let n be (-8)/(-3 + 0 - -1). Suppose n*v = -5*z - 13, 5*v = -z + 3 - 14. Let y = 4 - z. What is the remainder when 12 is divided by y?
2
Let o = 36 + -50. Let n = 22 + o. What is the remainder when 453/12 - (-2)/n is divided by 8?
6
Suppose 25 = 5*s, 2*n = -0*n - 5*s + 67. What is the remainder when 207 is divided by n?
18
Let l(p) = -p**3 - 5*p**2 + 5*p - 7. Let v be l(-6). Let k = 3 - v. Suppose 43 = k*t + n + 4*n, -5*t = -3*n - 63. What is the remainder when t is divided by 7?
5
Let a(m) = -m**2 - 15*m + 19. Let o be a(-16). Suppose -o*w - 4*v + 1 = -4, 3*w - 5*v - 41 = 0. What is the remainder when 13 is divided by w?
6
Let q be (-222)/(-9) - (-8)/(-12). Suppose 2*c = 5*c + q. Let j(h) = -5*h - 2. Calculate the remainder when j(c) is divided by 10.
8
Suppose 0 = 3*r + 4 - 37. Let s(d) = 3*d - 17. Calculate the remainder when 26 is divided by s(r).
10
Suppose -3*d - 122 = -4*z, -5*z - 250 = 2*d + 3*d. Let j = 73 + d. Calculate the remainder when j is divided by 6.
3
Let n(q) = -q + 9. Let c be n(17). Let w be 242/10 - c/(-40). Suppose -4*s + w = -s. Calculate the remainder when s is divided by 6.
2
Suppose 0 = -3*w + 2*y + 43, -9*w - 42 = -11*w - 2*y. Calculate the remainder when 47 + (0 - (-1 + -1)) is divided by w.
15
Let m = -143 + 89. Let b = m - -193. Calculate the remainder when b is divided by 35.
34
Let j(x) = 4*x**2 - 15*x - 54. Calculate the remainder when 91 is divided by j(-4).
21
Let x be (40/(-32) + -2)/((-1)/20). Suppose 3*a + 5*q - 49 = 0, 4*a - x = 3*q + 39. Calculate the remainder when a is divided by 6.
5
Calculate the remainder when 33 is divided by (-19)/76 + ((-25)/4)/(-1).
3
Let s be (-2)/(-1)*(-15)/(-6). Suppose 2*d - s*d - 51 = -2*u, 3*u - d - 66 = 0. Calculate the remainder when 52 is divided by -1*(0 - (-3 + u)).
16
Suppose 5*n = 3*x + 3 - 9, n = -5*x + 10. Suppose 3*g - 13 = 5*a + 5, 4*a = n. Suppose -4*f = -2*f - g. Calculate the remainder when 3 is divided by f.
0
Let b(i) = -18*i**3 + 3*i**2 + 8*i + 6. Calculate the remainder when 699 is divided by b(-1).
15
Let o = -903 + 924. Calculate the remainder when 4/2 - (-60 - 0) is divided by o.
20
Let s(r) = -r**3 - 16*r**2 + 14*r - 30. Suppose 8*o - 3*o + 83 = -4*c, 2*c = 4*o - 22. What is the remainder when s(c) is divided by 12?
9
Let j = -126 + 95. Let r(c) = -c**3 - 31*c**2 - c - 13. Calculate the remainder when 49 is divided by r(j).
13
Suppose 4*k = 2*c - 186, -c = -k - 70 - 23. Calculate the remainder when c is divided by 16.
13
Let f = 2991 + -2987. Let s(k) be the third derivative of -k**6/8 + k**5/60 + k**4/12 + k**3/6 - k**2. Calculate the remainder when s(-1) is divided by f.
3
Suppose -6989 = -9*o - 1175. What is the remainder when o is divided by 18?
16
Suppose -7*h - 321 = -10*h. Let y(z) = -z**2 + 16*z - 11. What is the remainder when h is divided by y(12)?
33
Suppose -7*v + 20 = -5*v. Suppose -v*x + 0*x = -550. Let i(u) = 4*u + 2. Calculate the remainder when x is divided by i(3).
13
Let k = -2382 - -2407. Calculate the remainder when 1347 is divided by k.
22
Suppose 43 = z + 5*o, -5*o = 2 - 22. Let d(x) = -5*x - 6. Let p = -31 + 28. What is the remainder when z is divided by d(p)?
5
Let j = -2491 - -2582. Calculate the remainder when 1452 is divided by j.
87
What is the remainder when (38/(-18))/((-20)/180) is divided by 9?
1
Let p = -301 - -204. Let j = 206 + p. What is the remainder when j is divided by 10?
9
Let r be (-1 - -47)*5/(-10). Calculate the remainder when 5/(-10)*(1 + r) is divided by 5.
1
Suppose 0 = -9*l + 7*l + 58. Calculate the remainder when l is divided by 16.
13
Let x(b) = 2*b**2 - 3*b - 3. Suppose 8*c = 19 + 29. What is the remainder when x(c) is divided by 27?
24
Let n = -16 + 31. Suppose -n = -3*m + 4*b + 75, 2*m + 2*b = 74. Calculate the remainder when 269 is divided by m.
31
Let a = -17 - -25. Suppose -18*y = -70 - 578. Calculate the remainder when y is divided by a.
4
Let h(f) = f - 5. Let c be h(5). Let i be (1/(-2)*c)/(-3). Calculate the remainder when (-170)/15*(-